k + 282 = 5*b + 189*k. Calculate the greatest common divisor of 3430 and b.
14
Let r(l) = -l**3 - 13*l**2 + 17*l + 45. Suppose 70 = -122*m + 117*m. Let a be r(m). What is the highest common factor of a and 6?
3
Suppose 3*x - 272 = 2*x. Let q = -323 + 297. Let z = 43 + q. What is the highest common factor of z and x?
17
Let f(k) = -54*k + 8. Let t be f(-2). Suppose 64 + 116 = 4*q. Let l = -16 + q. What is the greatest common divisor of t and l?
29
Let b be (-3687)/(-10) + (-90)/(-300). Let m = 93 + -84. What is the greatest common divisor of m and b?
9
Suppose -2*v = -4*b + 320, 151*v - 361 = -5*b + 147*v. Calculate the highest common divisor of 2101 and b.
11
Suppose 35*j = 30*j - h + 1707, j - 351 = h. Calculate the highest common divisor of 8820 and j.
49
Let i(h) be the first derivative of 2*h**2 - 24 - 4*h + 19 + 0*h**2. Let g be i(6). What is the greatest common divisor of g and 10?
10
Let a(n) = -n**2 + 152*n + 1037. Let s be a(102). What is the greatest common factor of 57 and s?
19
Let i be 3*(27 - 7)/5. Let b(v) = 3*v**2 - 13*v - 4. Let t be b(i). What is the greatest common divisor of t and 17?
17
Let u = 28950 + -24138. What is the highest common factor of 24 and u?
12
Let o(i) = 3*i**2 + 9*i + 23. Let v be o(-2). Calculate the greatest common factor of 2737 and v.
17
Suppose 11850 = 39*l + 40*l. Let j(s) = 2*s + 5. Let a be j(10). Calculate the greatest common divisor of l and a.
25
Suppose 0 = 4*k + 2*v + 3*v + 816, -3*v - 12 = 0. Let a = k + 227. What is the greatest common divisor of a and 98?
14
Suppose -96 = -4*k - 4*w, -94*w + 5 = -95*w. What is the greatest common divisor of k and 32?
1
Let q = 13968 - 13964. Calculate the highest common divisor of 97 and q.
1
Suppose -c + 132 + 8 = 0. Let n = c + -56. What is the highest common divisor of n and 12?
12
Suppose 10816 = 21*t - 2363 - 4881. What is the greatest common factor of t and 60?
20
Let r = -44 + 47. Let i(k) = 2 + 3*k**2 - 13 + 7 + k**2 + r*k. Let t be i(3). Calculate the highest common divisor of t and 451.
41
Let p = -10844 - -15313. Let l = p - 2994. Calculate the highest common divisor of 59 and l.
59
Suppose 21*w - 42 = 42. Suppose -4*t + 3*r = w*r - 64, 0 = -2*t - 3*r + 32. Calculate the highest common factor of 272 and t.
16
Let q = -19867 + 19893. What is the greatest common divisor of q and 1755?
13
Let o be (2 - 68*4)/(12/(-6)). Let t(r) = -3*r + 3. Let q be t(-14). Calculate the highest common factor of q and o.
45
Suppose 23*z + 6362 = -446. Let i = -272 - z. Calculate the greatest common divisor of i and 12.
12
Let v(j) = 15*j**2 + 65*j + 84. Let d be v(-6). Calculate the highest common factor of 2418 and d.
78
Suppose -10 + 30 = -4*r, 2*v + 19 = -5*r. Calculate the greatest common factor of 861 and v.
3
Let i be 15 - (18 + -4) - -54. What is the greatest common divisor of 3839 and i?
11
Let s = 6362 - 5447. Calculate the greatest common divisor of s and 75.
15
Let k = -15577 + 15592. Let r(o) = -o**2 - o + 105. Let a be r(0). What is the highest common factor of k and a?
15
Let v be (90*18/(-648))/(10/(-164)). Suppose u + 4*q - 1 = 0, -4*u + q + 5 = u. Calculate the greatest common divisor of u and v.
1
Suppose z + 7 = 3*w, -z + w - 9 = -12. What is the highest common factor of z and 2152?
8
Let u = 10029 - 10018. Calculate the highest common factor of 869 and u.
11
Suppose 12*q = 7*q. Suppose q - 15 = -3*k. Let w be (12/9 + 4)/((-30)/(-450)). Calculate the highest common factor of k and w.
5
Suppose -201 = -2*i - h + 41, 4*i - 488 = -3*h. What is the greatest common divisor of 4879 and i?
119
Let n(l) = 62*l - 1. Let f be n(1). Let b be ((-3)/63)/(5/(-44985)) + (-50)/35. What is the greatest common divisor of b and f?
61
Let w be 450/7*(63 - 1 - -1). Calculate the greatest common divisor of 54 and w.
54
Suppose 55*t = 53*t + 180. Let b = t + -83. Calculate the highest common divisor of 56 and b.
7
Let k(m) = 5*m**2 - 3*m + 2. Let y be k(4). Let p = -708 - -722. What is the highest common factor of p and y?
14
Suppose l - 4 + 0 = 0. Let y(d) = d**2 + 39*d + 115. Let q be y(-36). Let g be (q + -5 + -3)*-28. What is the highest common factor of l and g?
4
Suppose 0 = 5*a - 603 - 397. Let o be ((-1)/(-2))/(25/(-3550)). Let b = 96 + o. Calculate the greatest common divisor of b and a.
25
Suppose -999*j + 1011*j - 840 = 0. Calculate the greatest common factor of 742 and j.
14
Suppose 4 = 4*w - 6*w + 2*j, 0 = -5*w - 5*j + 40. Suppose -k = 2*f - 111 + 17, -86 = -2*f + w*k. What is the highest common divisor of 69 and f?
23
Let l = -925 - -1293. What is the greatest common divisor of 352 and l?
16
Let r = 371 + -57. Let p = -204 + r. Suppose -330 = -b + p. What is the highest common factor of 40 and b?
40
Suppose 2*r + 12 = 0, 14*u - 2*r - 14 = 12*u. What is the highest common factor of 2897 and u?
1
Let j be (282/(-4))/(5 - 1573/308). Suppose 22*k - j = 21*k. What is the greatest common factor of k and 14?
14
Let s be ((-10)/(-90))/((-12)/(-54))*(15 + -1). Suppose -2*h + 29 = a, 3*h = 7*h - 4*a - 52. Calculate the greatest common divisor of h and s.
7
Let x(z) = -27*z**3 + 7*z**2 - 5*z + 44. Let i be x(-7). What is the greatest common factor of 23 and i?
23
Let o = 831 - 819. Calculate the greatest common factor of 11064 and o.
12
Let o = -30 - 140. Let c = o - -189. Let z be 19*(-2)/6*-3. Calculate the highest common divisor of c and z.
19
Let n(z) = -z + 6. Let m be n(2). Suppose -2*p = 5*i - 91, 0 = m*i - 3*i - 5. Let v be -2*(-6)/4*44/p. What is the highest common factor of v and 6?
2
Let n(m) = -6*m. Let p be n(-8). Calculate the greatest common divisor of p and 324.
12
Suppose -97 = -15*m + 53. Let p(b) = -49*b - 509. Let w be p(-11). What is the highest common factor of m and w?
10
Suppose 18*b + 319 = 1247 + 1556. What is the highest common divisor of b and 3611?
23
Let d(b) = -6*b**2 - 3*b + 111. Let j(i) = i**3 - 5*i**2 - 3*i + 28. Let z be j(4). Let r be d(z). Calculate the greatest common factor of r and 37.
37
Let b(c) = -5*c**3 - 2*c**2 + c. Let d be b(1). Let h(p) = -3*p - 15. Let l be h(d). Suppose 5*x = l*x + 42. Calculate the highest common factor of x and 7.
7
Let j be -6 - -2 - (-18)/(-3). Let z = -8 - j. Suppose 2*f - 22 = u + 2, z*u - 43 = -3*f. What is the greatest common factor of f and 143?
13
Let w be (-2)/32 + (711474/32)/57. Calculate the highest common factor of w and 1105.
65
Suppose -u - 3*d + 13 = -33, 4*u - 4*d - 184 = 0. Let n = 103930 + -103884. Calculate the greatest common factor of u and n.
46
Suppose 0 = 22*u - 13*u + 1323. Let i = -142 - u. Calculate the highest common divisor of i and 7.
1
Suppose -q - 10 = -3*d, 456*q = -4*d + 460*q. What is the highest common divisor of 7 and d?
1
Let w be (-2)/4 + (-95)/(-2). Let u = -7193 + 7195. Suppose 0 = u*f - 207 + w. What is the highest common factor of 40 and f?
40
Suppose u - 2*d + 5 = 2*u, 4*u - 5*d = 33. Let g(c) = -2*c + 8. Let i be g(u). Let x be (9/(-4))/(i/32). Calculate the highest common factor of 6 and x.
6
Suppose -48*b = 80*b - 1920. Let x be (-24 - 1)/(-5)*21. What is the greatest common factor of x and b?
15
Let m = -797 - -819. Suppose -s + 25 = 4*s. Suppose s*d - 177 = -4*y, 3*y - 68 = -2*d + 7. Calculate the highest common divisor of d and m.
11
Let l = -452 + 446. Let w(u) = 11*u + 140. Let n be w(l). What is the greatest common factor of 6 and n?
2
Let a be (-16 - -17 - 551)*(-6)/15. Calculate the highest common factor of 215 and a.
5
Let d = -68 - -198. Let g = -68 + -79. Let p be (2 - g/6) + 1/(-2). What is the greatest common factor of p and d?
26
Let x(p) = -35*p + 972. Let r be x(24). What is the highest common factor of r and 2046?
66
Suppose 5*w + 2*b = 3*w - 30, -b = 3*w + 35. Let h be 5/w + (-37)/(-2). What is the greatest common divisor of h and 198?
18
Let b = -1674 - -1696. Calculate the greatest common factor of b and 4246.
22
Suppose 4*o + 19*u = 18*u + 25, 5*o - 4*u = 26. Suppose o*g - 45312 = -26*g. What is the greatest common factor of g and 12?
12
Let b(q) = q**2 + 3*q - 28. Let c be b(-12). Suppose -3*d + 0*d + 6 = 0. Calculate the highest common factor of d and c.
2
Suppose 0 = 31*y + 3*y - 13702. Let q = y - 400. Suppose -m + 21 + 3 = 0. Calculate the highest common divisor of q and m.
3
Suppose -51604 = 182*c - 220*c. Calculate the 